 derivative of i(j). What is the units digit of g(0)?
5
Suppose -119 = -t - 44. Suppose 0 = q - 4 - t. What is the units digit of q?
9
Suppose 3*b = 3*t + 7*b - 245, -2*t + 4*b + 190 = 0. Suppose 4*x + t = 559. What is the units digit of x?
8
Let l be 6 + -8 - (1 - (8 + -1)). Let j = l - 14. What is the units digit of (-8)/(160/12) + (-306)/j?
0
Suppose 366 = 3*j + 3*j. Let n = j - -16. What is the units digit of 4095/n + (-2)/11?
3
Suppose -y + 0*i + 17 = i, 2*i = -y + 12. Suppose 0 = -y*j + 19*j + 15. Suppose -522 = -j*b - 147. What is the units digit of b?
5
Let j = -8576 - -12168. What is the units digit of j?
2
Suppose -4*d - d = 5*d - 45890. What is the hundreds digit of d?
5
Suppose 2*y - 26600 = 15*f - 19*f, 26606 = 4*f + 3*y. What is the tens digit of f?
4
Let v(k) = 8*k + 3. Suppose 4*f - 32 = -4*p, -3*f + 6*f = -2*p + 18. Suppose 0 = -p*m - 6*m. What is the units digit of v(m)?
3
Let u(h) = 6*h**2 - 325*h + 112. What is the ten thousands digit of u(-79)?
6
Let p = -155488 - -239837. What is the units digit of p?
9
Let l(v) = 4*v**2 - 15*v - 27. Let r be (18/(-27))/(6/81). What is the hundreds digit of l(r)?
4
Suppose -8874 = -2*o + 2*r, 3*r - 22206 = -5*o + r. Suppose -2*m - 2665 = -6*t + 3*t, 5*m = 5*t - o. What is the hundreds digit of t?
8
Suppose -18*j + 19*j - 4041 = 5*i, 2*j - 8038 = -i. What is the tens digit of j?
2
Let n be (10/6)/((-28)/(-84)). Suppose -n*k = -9*k + 5472. What is the units digit of k?
8
Suppose -1988 = 4*y - 348. Let q = y - -625. What is the tens digit of q?
1
Suppose -4*n + 7*f + 1 = 4*f, 5*n + 2*f - 30 = 0. Suppose 5*x + 5*u = 250, n*x = u + 209 + 16. What is the hundreds digit of ((-314)/10)/((-11)/x)?
1
Let h(x) = -3*x**2 - 57*x + 41. Let o(m) = 2*m**2 + 38*m - 27. Let p(w) = -5*h(w) - 7*o(w). What is the units digit of p(21)?
4
Suppose -3*a - 5*c = -7*a + 9504, 4*c + 4746 = 2*a. Let i = a + -1297. Suppose 5*u - 2*l - i = 0, -514 = -2*u + l - 81. What is the tens digit of u?
1
Suppose 9 = 3*s + 6*s. Let b be s/(-3*1/(-18)). What is the tens digit of (40/12)/(b/153)?
8
Let p(d) = 4*d - 22. Let c be p(6). Suppose -2*y + c = 0, 2*q = -3*q - y + 11. What is the units digit of q*4/(-8) + 47?
6
Let g(w) = -w**3 - 5*w**2 + 6*w - 27. Let v be g(-7). Suppose 4*j + 4*z - v - 1195 = 0, -5*z - 878 = -3*j. What is the tens digit of j?
0
Let c = -16594 + 23845. Suppose 20*j - 4409 = c. What is the tens digit of j?
8
Let y be (-6)/15*(-1125)/18. Let r(w) = 2*w**3 - 50*w**2 + 24*w - 53. What is the units digit of r(y)?
7
Suppose 0 = v + 4*a - 5170, 3*v + 40*a = 37*a + 15528. What is the thousands digit of v?
5
Let n(r) = 6*r + 120. Let x be n(-20). Let h(t) = 2*t**2 - 3*t + 346. What is the hundreds digit of h(x)?
3
Suppose 1812*w - 1839*w + 84132 = 0. What is the units digit of w?
6
Let i be (-2 + (-3 - -2) - -2) + 5. Let l(b) = 2*b**2 - 6*b + 2. Let u be l(i). What is the hundreds digit of (4/u - 1547/130)*-10?
1
Suppose 5*u = -p - 4764, -3*p - 948 = u + 2*p. Let l = -543 - u. Suppose -10*q = -l - 490. What is the tens digit of q?
9
Let c = -10824 - -13656. What is the units digit of c?
2
Let t be (154/(-21) - -6)/((-2)/111). Suppose 257 + t = b. What is the hundreds digit of b?
3
What is the tens digit of (-1505)/645 + (-1459)/(-3)?
8
Suppose 18*x - 42 = 11*x. What is the units digit of (-3)/((-12)/(-24)*x/(-1468))?
8
Suppose 45*m - 36*m - 1971 = 0. Let z = 986 - m. What is the hundreds digit of z?
7
Suppose 5*i - 5*q + 0*q = 1150, 3*q + 920 = 4*i. Suppose -5*o = 2*w + 202 + 528, -w = -4*o - 597. Let m = i + o. What is the units digit of m?
2
Let k = 131097 + -85765. What is the units digit of k?
2
Suppose -9*a + 48868 = -28946. What is the units digit of a?
6
Suppose 5*v - z - 69 = 49, 109 = 5*v + 2*z. Suppose -13 = 2*h - v. Suppose -416 = -h*y + 254. What is the units digit of y?
4
Let t = 234 - 38. Let b = t + -168. What is the tens digit of b?
2
Suppose 2*a = -2*p + 15598, 5*p - 35860 = -4*a + 3134. What is the thousands digit of p?
7
Let f be (-4)/8*0/1. Suppose f = -2*t - 13 + 119. Let b = t - 29. What is the units digit of b?
4
Suppose -2*h - 2*y + 6298 + 5896 = 0, 4*h - 4*y = 24348. What is the thousands digit of h?
6
Suppose -23*l - 315 = 99. What is the units digit of (-8138)/l + (-13)/117?
2
Suppose 0 = 5*w - 2*i - 626 - 1570, -i - 1318 = -3*w. What is the tens digit of w?
4
Let b(p) = -p**2 + p - 1. Let y(x) = -2*x**2 - 14*x + 14. Let f(c) = -3*b(c) - y(c). Let t be f(-5). Suppose j - 135 = t. What is the tens digit of j?
9
Let h(d) be the first derivative of -27*d**2 - 125*d - 148. What is the tens digit of h(-4)?
9
Suppose 0 = 4*z + 12, 2*z = 4*k + 4*z - 2. Suppose -4*d - 4*m + 260 = 0, -k*d = -5*m + 6*m - 125. Let i = 155 - d. What is the units digit of i?
5
Suppose 0 = -2*k - 12, 0 = -i - 4*k + 30190 + 646. What is the ten thousands digit of i?
3
Let s = -2 + -17. Let o(r) = -5*r + 15. Let j be o(s). What is the tens digit of j/2 + (-1 - -2)?
5
Suppose -2*k + 55 = i - 4*k, k = 5. Suppose 1116 = -59*p + i*p. What is the tens digit of p?
8
Suppose -177781 = -5*q + 2*b, 4*b - 120222 = -4*q + 22042. What is the units digit of q?
9
Let b = 6459 + -4951. What is the thousands digit of b?
1
Let k = 52 + -38. Suppose 13 = 9*o - k. Suppose 52 = o*j - 134. What is the units digit of j?
2
Suppose 2*v - 5*v + 13 = -2*n, -3*v = 5*n + 1. Suppose v*i - 396 = 7*i. Let c = -13 - i. What is the units digit of c?
6
Let y(l) = 5*l - 4. Let t be y(14). Suppose -t + 22 = -c. Suppose -5*w = c - 234. What is the units digit of w?
8
Suppose k + 3*p - 4933 = 0, 4*p - 7*p - 9857 = -2*k. What is the units digit of k?
0
Let b = 15403 - -10621. What is the ten thousands digit of b?
2
Let r = 22871 + -15732. What is the units digit of r?
9
Suppose 6097 = 3*i + 4*f, -4*i + 4*f = -8*i + 8136. What is the tens digit of i?
3
Suppose -r - 242092 = -5*k, 179350 = 3*k + 4*r + 34127. What is the ten thousands digit of k?
4
Suppose -3*i = -2*d + 20, i + 5*d + 3 = 2. Let t(z) = -15 - 8*z - 8*z - 18*z + 25*z. What is the units digit of t(i)?
9
Let m(j) = -7*j + 118. Let b be m(-13). Suppose 3*t = 2*p - 80 + 2, -5*p = -4*t - b. What is the tens digit of p?
4
Let u be (0/2)/(-20 - -19). Suppose u = -16*v - 11355 + 32219. What is the hundreds digit of v?
3
Let t be (-12)/(-15) + 18/15. Suppose r - 4 = t*r + 4*u, -r - 22 = -5*u. What is the units digit of -96*2*9/r?
4
Let t(h) = h**3 - 3*h**2 - 5*h + 2. Let j be t(5). Let s = j + -23. Suppose -4*x = 3*u - 567, 2*u + s*x = 5*x + 378. What is the units digit of u?
9
Suppose 3*o = -15, 0*x + 5*x + 85 = 3*o. Let f = x - -16. Let q = 52 + f. What is the units digit of q?
8
Suppose 0 = -2*b - 1 - 1. Let k(j) be the second derivative of 11*j**4/4 - j**3/6 - j**2/2 + 10*j. What is the units digit of k(b)?
3
Suppose 54734 = b + 3*r + r, 54754 = b - r. What is the ten thousands digit of b?
5
Suppose 180*o - 576 = 178*o. Suppose -2*w + o = 2. What is the hundreds digit of w?
1
Let w = 328 + -316. Suppose -w*g = 1974 - 7506. What is the tens digit of g?
6
Suppose 0 = -i + 10*i - 11367. Suppose i + 912 = 5*w + 3*f, 3*w + 2*f = 1306. What is the tens digit of w?
3
Let k be 2*(-4)/32 - (-134)/(-8). What is the units digit of k + 16 + (528 - 2)?
5
Suppose -12*a = -3*a - 13374. Suppose 0 = 11*f - a - 2386. What is the hundreds digit of f?
3
Let k be -30*(0 + 36/(-15)). Suppose 6*b - 2*b = k. Suppose -d + b = -0. What is the units digit of d?
8
Suppose -63 = 2*r - 537. What is the hundreds digit of (-20)/(-2)*(3 - r/(-5))?
5
Let d be 37799/(-5) + 85/(-425). What is the tens digit of ((-3)/(-6))/((-21)/d)?
8
Let p(w) = -4*w**3 + 22*w**2 + 16*w + 13. Let x be p(-6). Suppose -4*k = -4*j - 3355 - x, -2*j = -5*k + 6175. What is the thousands digit of k?
1
What is the thousands digit of (-44)/55*20 - -11138?
1
Suppose 21*m = 5*m + 320. What is the units digit of -160*(-5)/m*4?
0
Let d = -75 + 79. Suppose o = -p + 2119, 2*o - o - 2134 = -d*p. Suppose -14*x + 0*x = -o. What is the hundreds digit of x?
1
Suppose 108 = 251*r - 257*r. What is the units digit of 128/(-576) + (-12172)/r?
6
Let t(q) = 2*q**2 - 9*q - 6. Let f = -31 + -45. Let l = f + 84. What is the units digit of t(l)?
0
Let y(p) = 502*p**2 + 3*p + 10. Let j be y(-4). What is the units digit of j/8 - ((-25)/4 - -6)?
4
Suppose 1456388 + 512302 + 387734 =